{"id":5215,"date":"2023-02-13T07:34:17","date_gmt":"2023-02-13T07:34:17","guid":{"rendered":"http:\/\/vrtec-radenci.si\/?page_id=5215"},"modified":"2026-03-31T09:20:23","modified_gmt":"2026-03-31T09:20:23","slug":"prehrana","status":"publish","type":"page","link":"https:\/\/vrtec-radenci.si\/?page_id=5215","title":{"rendered":"Prehrana"},"content":{"rendered":"<p>[vc_row][vc_column][stm_title title_align=&#8221;center&#8221; title_margin_t=&#8221;5px&#8221; title_margin_b=&#8221;31px&#8221; title=&#8221;Prehrana&#8221;][\/stm_title][vc_column_text]Skrb za zdravo prehrano in zdrav na\u010din \u017eivljenja je v obdobju mal\u010dka in otroka posebnega pomena, ker je to obdobje intenzivnega razvoja<br \/>\nOb nudenju uravnote\u017eene\u00a0 in pestre prehrane otroku privzgajamo ustrezne prehranjevalne navade.<\/p>\n<p>S pestro ponudbo sezonskega sadja in zelenjave pomembno prispevamo h kvaliteti uravnote\u017eene in zdrave prehrane. Z raznolikostjo prehrane se otrok navaja na razli\u010dne nove okuse. Hrano nabavljamo dnevno, tako da se zaradi skladi\u0161\u010denja ne izgublja biolo\u0161ka vrednost sve\u017eih \u017eivil.<\/p>\n<p>V \u010dasu bivanja v vrtcu otrokom nudimo zadostne koli\u010dine pija\u010d: \u010daj, sadnega soka in predvsem vode.<br \/>\nPrizadevamo si, da postane zdrava prehrana del vsakdanjika vseh nas in na\u0161ih otrok. Dobre navade in znanje o prehrani bodo tako dragocena popotnica k zdravemu na\u010dinu \u017eivljenja.[\/vc_column_text][stm_icon_box view_style=&#8221;style-4&#8243; title=&#8221;Jedilnik za MAREC2026&#8243; title_link=&#8221;url:http%3A%2F%2Fvrtec-radenci.si%2Fwp-content%2Fuploads%2F2026%2F03%2FJEDILNIK-MAREC-2026.pdf&#8221; icon_fontawesome=&#8221;fas fa-utensils&#8221;][stm_icon_box view_style=&#8221;style-4&#8243; title=&#8221;Jedilnik APRIL 2026&#8243; title_link=&#8221;url:http%3A%2F%2Fvrtec-radenci.si%2Fwp-content%2Fuploads%2F2026%2F03%2FJEDILNIK-april-2026.pdf&#8221; icon_fontawesome=&#8221;fas fa-utensils&#8221;][\/vc_column][\/vc_row][vc_row][vc_column][stm_single_image img_alignment=&#8221;center&#8221; img_id=&#8221;5218&#8243; img_size=&#8221;large&#8221;][\/vc_column][\/vc_row][vc_row full_width=&#8221;stretch_row&#8221; css=&#8221;.vc_custom_1678775293676{margin-bottom: 0px !important;padding-bottom: 0px !important;background-image: url(https:\/\/smartyschool.stylemixthemes.com\/kindergarten-two\/wp-content\/uploads\/2019\/10\/wave_top.png?id=5093) !important;background-position: center !important;background-repeat: no-repeat !important;background-size: cover !important;}&#8221; el_class=&#8221;superiority_section&#8221;][vc_column css=&#8221;.vc_custom_1570015088817{padding-top: 0px !important;}&#8221;][stm_spacing lg_spacing=&#8221;115&#8243; md_spacing=&#8221;115&#8243; sm_spacing=&#8221;115&#8243; xs_spacing=&#8221;115&#8243;][\/vc_column][\/vc_row][vc_row full_width=&#8221;stretch_row&#8221; css=&#8221;.vc_custom_1676271446360{margin-top: -115px !important;background: #fea633 url(http:\/\/vrtec-radenci.si\/wp-content\/uploads\/2023\/01\/school-g1dadcb3f0_1280.png?id=5135) !important;background-position: center !important;background-repeat: no-repeat !important;background-size: cover !important;}&#8221;][vc_column][stm_spacing lg_spacing=&#8221;115&#8243; md_spacing=&#8221;115&#8243; sm_spacing=&#8221;115&#8243; xs_spacing=&#8221;135&#8243;][vc_row_inner el_class=&#8221;post_color_white&#8221;][vc_column_inner width=&#8221;1\/3&#8243;][\/vc_column_inner][vc_column_inner width=&#8221;1\/3&#8243;][\/vc_column_inner][vc_column_inner width=&#8221;1\/3&#8243;][\/vc_column_inner][\/vc_row_inner][stm_spacing lg_spacing=&#8221;20&#8243; md_spacing=&#8221;20&#8243; sm_spacing=&#8221;20&#8243; xs_spacing=&#8221;20&#8243;][stm_spacing lg_spacing=&#8221;100&#8243; md_spacing=&#8221;100&#8243; sm_spacing=&#8221;80&#8243; xs_spacing=&#8221;115&#8243;][\/vc_column][\/vc_row][vc_row full_width=&#8221;stretch_row&#8221; css=&#8221;.vc_custom_1678775301961{margin-top: -115px !important;margin-bottom: 0px !important;padding-bottom: 0px !important;background-image: url(https:\/\/smartyschool.stylemixthemes.com\/kindergarten-two\/wp-content\/uploads\/2019\/10\/wave_bottom.png?id=5070) !important;background-position: center !important;background-repeat: no-repeat !important;background-size: cover !important;}&#8221; el_class=&#8221;superiority_section&#8221;][vc_column css=&#8221;.vc_custom_1570015088817{padding-top: 0px !important;}&#8221;][stm_spacing lg_spacing=&#8221;115&#8243; md_spacing=&#8221;115&#8243; sm_spacing=&#8221;115&#8243; xs_spacing=&#8221;115&#8243;][\/vc_column][\/vc_row]<\/p>\n","protected":false},"excerpt":{"rendered":"<p>[vc_row][vc_column][stm_title title_align=&#8221;center&#8221; title_margin_t=&#8221;5px&#8221; title_margin_b=&#8221;31px&#8221; title=&#8221;Prehrana&#8221;][\/stm_title][vc_column_text]Skrb za zdravo prehrano in zdrav na\u010din \u017eivljenja je v obdobju mal\u010dka in otroka posebnega pomena, ker je to obdobje intenzivnega razvoja Ob nudenju uravnote\u017eene\u00a0 in pestre prehrane otroku privzgajamo ustrezne prehranjevalne navade. S pestro ponudbo sezonskega sadja in zelenjave pomembno prispevamo h kvaliteti uravnote\u017eene in zdrave prehrane. Z raznolikostjo prehrane [&hellip;]<\/p>\n","protected":false},"author":1,"featured_media":0,"parent":0,"menu_order":0,"comment_status":"closed","ping_status":"closed","template":"","meta":{"footnotes":""},"class_list":["post-5215","page","type-page","status-publish","hentry"],"_links":{"self":[{"href":"https:\/\/vrtec-radenci.si\/index.php?rest_route=\/wp\/v2\/pages\/5215","targetHints":{"allow":["GET"]}}],"collection":[{"href":"https:\/\/vrtec-radenci.si\/index.php?rest_route=\/wp\/v2\/pages"}],"about":[{"href":"https:\/\/vrtec-radenci.si\/index.php?rest_route=\/wp\/v2\/types\/page"}],"author":[{"embeddable":true,"href":"https:\/\/vrtec-radenci.si\/index.php?rest_route=\/wp\/v2\/users\/1"}],"replies":[{"embeddable":true,"href":"https:\/\/vrtec-radenci.si\/index.php?rest_route=%2Fwp%2Fv2%2Fcomments&post=5215"}],"version-history":[{"count":86,"href":"https:\/\/vrtec-radenci.si\/index.php?rest_route=\/wp\/v2\/pages\/5215\/revisions"}],"predecessor-version":[{"id":6364,"href":"https:\/\/vrtec-radenci.si\/index.php?rest_route=\/wp\/v2\/pages\/5215\/revisions\/6364"}],"wp:attachment":[{"href":"https:\/\/vrtec-radenci.si\/index.php?rest_route=%2Fwp%2Fv2%2Fmedia&parent=5215"}],"curies":[{"name":"wp","href":"https:\/\/api.w.org\/{rel}","templated":true}]}}