{"id":5254,"date":"2023-02-13T08:30:21","date_gmt":"2023-02-13T08:30:21","guid":{"rendered":"http:\/\/vrtec-radenci.si\/?page_id=5254"},"modified":"2024-02-27T11:15:08","modified_gmt":"2024-02-27T11:15:08","slug":"vpis-v-vrtec","status":"publish","type":"page","link":"https:\/\/vrtec-radenci.si\/?page_id=5254","title":{"rendered":"Vpis v vrtec"},"content":{"rendered":"<p>[vc_row][vc_column][stm_title title_align=&#8221;center&#8221; title_margin_t=&#8221;5px&#8221; title_margin_b=&#8221;31px&#8221; title=&#8221;Vpis v vrtec&#8221;][\/stm_title][\/vc_column][\/vc_row][vc_row][vc_column width=&#8221;3\/4&#8243;][vc_column_text]Star\u0161i ob vpisu izpolnijo\u00a0<strong>Vlogo za sprejem otroka v vrtec<\/strong>. Za sprejete otroke star\u0161i podpi\u0161ejo\u00a0<strong>Pogodbo o dolo\u010ditvi medsebojnih pravic in obveznosti star\u0161ev in vrtca<\/strong>. Podpisana pogodba je veljavna do izpisa otroka iz vrtca in se v \u010dasu odjav (poletni meseci) ne prekine. Izpis otroka iz vrtca se izvede z izpolnitvijo obrazca, ki ga je potrebno oddati najmanj 15 dni pred datumom izpisa.<\/p>\n<p>Uvajanje otroka se za\u010dne z dnem vklju\u010ditve otroka v vrtec in se izvaja med 9.30 in 11.00 uro. Star\u0161i morajo do prvega prihoda otroka predlo\u017eiti zdravni\u0161ko potrdilo, ki ga izda otrokov pediater.[\/vc_column_text][stm_icon_box view_style=&#8221;style-4&#8243; title=&#8221;Vloga za sprejem otroka v vrtec&#8221; title_link=&#8221;url:http%3A%2F%2Fvrtec-radenci.si%2Fwp-content%2Fuploads%2F2024%2F02%2Fvpisnica-Radenci.pdf&#8221; icon_fontawesome=&#8221;fas fa-door-open&#8221; button_link=&#8221;url:http%3A%2F%2Fvrtec-radenci.si%2Fwp-content%2Fuploads%2F2023%2F02%2FVPISNICA-1.pdf&#8221;][\/vc_column][vc_column width=&#8221;1\/4&#8243;][stm_single_image img_alignment=&#8221;center&#8221; img_id=&#8221;5256&#8243;][\/vc_column][\/vc_row][vc_row full_width=&#8221;stretch_row&#8221; css=&#8221;.vc_custom_1678775963630{margin-bottom: 0px !important;padding-bottom: 0px !important;background-image: url(https:\/\/smartyschool.stylemixthemes.com\/kindergarten-two\/wp-content\/uploads\/2019\/10\/wave_top.png?id=5093) !important;background-position: center !important;background-repeat: no-repeat !important;background-size: cover !important;}&#8221; el_class=&#8221;superiority_section&#8221;][vc_column css=&#8221;.vc_custom_1570015088817{padding-top: 0px !important;}&#8221;][stm_spacing lg_spacing=&#8221;115&#8243; md_spacing=&#8221;115&#8243; sm_spacing=&#8221;115&#8243; xs_spacing=&#8221;115&#8243;][\/vc_column][\/vc_row][vc_row full_width=&#8221;stretch_row&#8221; css=&#8221;.vc_custom_1676271446360{margin-top: -115px !important;background: #fea633 url(http:\/\/vrtec-radenci.si\/wp-content\/uploads\/2023\/01\/school-g1dadcb3f0_1280.png?id=5135) !important;background-position: center !important;background-repeat: no-repeat !important;background-size: cover !important;}&#8221;][vc_column][stm_spacing lg_spacing=&#8221;115&#8243; md_spacing=&#8221;115&#8243; sm_spacing=&#8221;115&#8243; xs_spacing=&#8221;135&#8243;][stm_spacing lg_spacing=&#8221;20&#8243; md_spacing=&#8221;20&#8243; sm_spacing=&#8221;20&#8243; xs_spacing=&#8221;20&#8243;][stm_spacing lg_spacing=&#8221;100&#8243; md_spacing=&#8221;100&#8243; sm_spacing=&#8221;80&#8243; xs_spacing=&#8221;115&#8243;][\/vc_column][\/vc_row][vc_row full_width=&#8221;stretch_row&#8221; css=&#8221;.vc_custom_1678775958214{margin-top: -115px !important;margin-bottom: 0px !important;padding-bottom: 0px !important;background-image: url(https:\/\/smartyschool.stylemixthemes.com\/kindergarten-two\/wp-content\/uploads\/2019\/10\/wave_bottom.png?id=5070) !important;background-position: center !important;background-repeat: no-repeat !important;background-size: cover !important;}&#8221; el_class=&#8221;superiority_section&#8221;][vc_column css=&#8221;.vc_custom_1570015088817{padding-top: 0px !important;}&#8221;][stm_spacing lg_spacing=&#8221;115&#8243; md_spacing=&#8221;115&#8243; sm_spacing=&#8221;115&#8243; xs_spacing=&#8221;115&#8243;][\/vc_column][\/vc_row][vc_row][vc_column][\/vc_column][\/vc_row]<\/p>\n","protected":false},"excerpt":{"rendered":"<p>[vc_row][vc_column][stm_title title_align=&#8221;center&#8221; title_margin_t=&#8221;5px&#8221; title_margin_b=&#8221;31px&#8221; title=&#8221;Vpis v vrtec&#8221;][\/stm_title][\/vc_column][\/vc_row][vc_row][vc_column width=&#8221;3\/4&#8243;][vc_column_text]Star\u0161i ob vpisu izpolnijo\u00a0Vlogo za sprejem otroka v vrtec. Za sprejete otroke star\u0161i podpi\u0161ejo\u00a0Pogodbo o dolo\u010ditvi medsebojnih pravic in obveznosti star\u0161ev in vrtca. Podpisana pogodba je veljavna do izpisa otroka iz vrtca in se v \u010dasu odjav (poletni meseci) ne prekine. Izpis otroka iz vrtca se izvede z [&hellip;]<\/p>\n","protected":false},"author":1,"featured_media":0,"parent":0,"menu_order":0,"comment_status":"closed","ping_status":"closed","template":"","meta":{"footnotes":""},"class_list":["post-5254","page","type-page","status-publish","hentry"],"_links":{"self":[{"href":"https:\/\/vrtec-radenci.si\/index.php?rest_route=\/wp\/v2\/pages\/5254","targetHints":{"allow":["GET"]}}],"collection":[{"href":"https:\/\/vrtec-radenci.si\/index.php?rest_route=\/wp\/v2\/pages"}],"about":[{"href":"https:\/\/vrtec-radenci.si\/index.php?rest_route=\/wp\/v2\/types\/page"}],"author":[{"embeddable":true,"href":"https:\/\/vrtec-radenci.si\/index.php?rest_route=\/wp\/v2\/users\/1"}],"replies":[{"embeddable":true,"href":"https:\/\/vrtec-radenci.si\/index.php?rest_route=%2Fwp%2Fv2%2Fcomments&post=5254"}],"version-history":[{"count":11,"href":"https:\/\/vrtec-radenci.si\/index.php?rest_route=\/wp\/v2\/pages\/5254\/revisions"}],"predecessor-version":[{"id":5867,"href":"https:\/\/vrtec-radenci.si\/index.php?rest_route=\/wp\/v2\/pages\/5254\/revisions\/5867"}],"wp:attachment":[{"href":"https:\/\/vrtec-radenci.si\/index.php?rest_route=%2Fwp%2Fv2%2Fmedia&parent=5254"}],"curies":[{"name":"wp","href":"https:\/\/api.w.org\/{rel}","templated":true}]}}