{"id":5360,"date":"2023-03-07T20:35:59","date_gmt":"2023-03-07T20:35:59","guid":{"rendered":"http:\/\/vrtec-radenci.si\/?page_id=5360"},"modified":"2025-02-10T12:42:46","modified_gmt":"2025-02-10T12:42:46","slug":"erasmus-2","status":"publish","type":"page","link":"https:\/\/vrtec-radenci.si\/?page_id=5360","title":{"rendered":"Mre\u017ee u\u010de\u010dih se \u0161ol in vrtcev: Ustvarjalne poti sodelovanja s star\u0161i"},"content":{"rendered":"<p>[vc_row][vc_column][stm_title title_align=&#8221;center&#8221; title_margin_t=&#8221;5px&#8221; title_margin_b=&#8221;31px&#8221; title=&#8221;Mre\u017ee u\u010de\u010dih se \u0161ol in vrtcev: Ustvarjalne poti sodelovanja s star\u0161i&#8221;][\/stm_title][\/vc_column][\/vc_row][vc_row][vc_column width=&#8221;3\/4&#8243;][vc_column_text]Program je zasnovan na teoriji in praksi pristopa nenehnih izbolj\u0161av in u\u010de\u010dih se skupnosti. V vrtcu vzgojiteljski zbor skupaj z ravnateljico izbolj\u0161uje izbrano tematsko podro\u010dje, na katerega je vezana vsebina sre\u010danj razvojnih timov in izvedba izbolj\u0161ave v vrtcu. Program izvaja \u0160ola za ravnatelje, ki deluje v okviru Zavoda Republike Slovenije za \u0161olstvo.<\/p>\n<p><u>Cilji programa so:<\/u><\/p>\n<ul>\n<li>poglobiti in raz\u0161iriti znanje razvojnih timov na izbranem tematskem podro\u010dju;<\/li>\n<li>na\u010drtovati izbolj\u0161avo in evalvacijo na podro\u010dju, ki ga izberejo strokovni delavci vrtca;<\/li>\n<li>spodbujati izmenjavo dobrih praks med razvojnimi timi \u0161ol in vrtcev;<\/li>\n<li>krepiti sodelovalno vodenje.<\/li>\n<\/ul>\n<p><u>Usposabljanje poteka na dveh ravneh:<\/u><\/p>\n<ul>\n<li>na ravni razvojnih timov (v \u0160oli za ravnatelje \u2013 6 delavnic) in<\/li>\n<li>na ravni vzgojiteljskih zborov (izvajajo razvojni timi v vrtcu \u2013 4 delavnice).<\/li>\n<\/ul>\n<p><u>Vsebine izbranega tematskega podro\u010dja:<\/u><\/p>\n<p>&#8211; Sodelovanje dru\u017ein in strokovnih delavcev pomembno prispeva k ustreznemu dopolnjevanju celostne vzgoje in u\u010denja otroka. Od vseh dele\u017enikov se pri\u010dakuje pripravljenost za sodelovanje pri doseganju skupnih ciljev. Le z dobrim sodelovanjem lahko uspe\u0161no usklajujejo vzgojne pristope in spodbujajo posameznikov celostni razvoj oziroma pomembno prispevajo k njihovim razvojnim dose\u017ekom.<\/p>\n<p>&#8211; Na vzpostavitev in vzdr\u017eevanje dobrih odnosov, zaupanja in odprte komunikacije med strokovnimi delavci in dru\u017einami vplivajo raznoliki subjektivni in objektivni dejavniki na raznoterih ravneh delovanja (nacionalni, lokalni, vrt\u010devski, oddel\u010dni, dru\u017einski). Pomembno je, da otroci dejavno sodelujejo s star\u0161i, skrbniki, ravnatelji in strokovnimi delavci ter drugimi dele\u017eniki v procesu usklajevanja svojih pri\u010dakovanj, stali\u0161\u010d in potreb. Vzpostaviti je treba odprt komunikacijski prostor, ki omogo\u010da ustvarjanje skupnih re\u0161itev.<\/p>\n<p>&#8211; Prizadevanje za partnersko sodelovanje dru\u017ein in vzgojno-izobra\u017eevalnih zavodov mora biti na\u010drtno, saj pomembno vpliva na posameznikovo po\u010dutje, u\u010denje, osebnostni razvoj, motivacijo, znanje in interese. Temelj procesa partnerskega sodelovanja je visoka stopnja eti\u010dnega delovanja strokovnih delavcev in kakovostno izbranih ter ubranih strokovnih pristopov. Kakovostno partnersko sodelovanje je vredno redno evalvirati in na osnovi analize podatkov po potrebi izbolj\u0161evati.<\/p>\n<p><u>\u010cas izvajanja<\/u>: september 2024 \u2013 avgust 2025<\/p>\n<p><u>Razvojni tim<\/u>: \u00a0\u00a0Aleksandra Fifolt, dipl. vzg., Tajda \u010ceh, dipl. vzg., Barbara Gomboc, ravnateljica<\/p>\n<p><u>Sodelujo\u010di<\/u>: strokovni delavci vrtca[\/vc_column_text][\/vc_column][vc_column width=&#8221;1\/4&#8243;][stm_single_image img_alignment=&#8221;center&#8221;][stm_single_image img_alignment=&#8221;center&#8221; img_id=&#8221;5586&#8243;][\/vc_column][\/vc_row][vc_row][vc_column width=&#8221;1\/4&#8243;][\/vc_column][\/vc_row][vc_row full_width=&#8221;stretch_row&#8221; css=&#8221;.vc_custom_1678775797843{margin-bottom: 0px !important;padding-bottom: 0px !important;background-image: url(https:\/\/smartyschool.stylemixthemes.com\/kindergarten-two\/wp-content\/uploads\/2019\/10\/wave_top.png?id=5093) !important;background-position: center !important;background-repeat: no-repeat !important;background-size: cover !important;}&#8221; el_class=&#8221;superiority_section&#8221;][vc_column css=&#8221;.vc_custom_1570015088817{padding-top: 0px !important;}&#8221;][stm_spacing lg_spacing=&#8221;115&#8243; md_spacing=&#8221;115&#8243; sm_spacing=&#8221;115&#8243; xs_spacing=&#8221;115&#8243;][\/vc_column][\/vc_row][vc_row full_width=&#8221;stretch_row&#8221; css=&#8221;.vc_custom_1676271446360{margin-top: -115px !important;background: #fea633 url(http:\/\/vrtec-radenci.si\/wp-content\/uploads\/2023\/01\/school-g1dadcb3f0_1280.png?id=5135) !important;background-position: center !important;background-repeat: no-repeat !important;background-size: cover !important;}&#8221;][vc_column][stm_spacing lg_spacing=&#8221;115&#8243; md_spacing=&#8221;115&#8243; sm_spacing=&#8221;115&#8243; xs_spacing=&#8221;135&#8243;][stm_spacing lg_spacing=&#8221;20&#8243; md_spacing=&#8221;20&#8243; sm_spacing=&#8221;20&#8243; xs_spacing=&#8221;20&#8243;][stm_spacing lg_spacing=&#8221;100&#8243; md_spacing=&#8221;100&#8243; sm_spacing=&#8221;80&#8243; xs_spacing=&#8221;115&#8243;][\/vc_column][\/vc_row][vc_row full_width=&#8221;stretch_row&#8221; css=&#8221;.vc_custom_1678775792593{margin-top: -115px !important;margin-bottom: 0px !important;padding-bottom: 0px !important;background-image: url(https:\/\/smartyschool.stylemixthemes.com\/kindergarten-two\/wp-content\/uploads\/2019\/10\/wave_bottom.png?id=5070) !important;background-position: center !important;background-repeat: no-repeat !important;background-size: cover !important;}&#8221; el_class=&#8221;superiority_section&#8221;][vc_column css=&#8221;.vc_custom_1570015088817{padding-top: 0px !important;}&#8221;][stm_spacing lg_spacing=&#8221;115&#8243; md_spacing=&#8221;115&#8243; sm_spacing=&#8221;115&#8243; xs_spacing=&#8221;115&#8243;][\/vc_column][\/vc_row]<\/p>\n","protected":false},"excerpt":{"rendered":"<p>[vc_row][vc_column][stm_title title_align=&#8221;center&#8221; title_margin_t=&#8221;5px&#8221; title_margin_b=&#8221;31px&#8221; title=&#8221;Mre\u017ee u\u010de\u010dih se \u0161ol in vrtcev: Ustvarjalne poti sodelovanja s star\u0161i&#8221;][\/stm_title][\/vc_column][\/vc_row][vc_row][vc_column width=&#8221;3\/4&#8243;][vc_column_text]Program je zasnovan na teoriji in praksi pristopa nenehnih izbolj\u0161av in u\u010de\u010dih se skupnosti. V vrtcu vzgojiteljski zbor skupaj z ravnateljico izbolj\u0161uje izbrano tematsko podro\u010dje, na katerega je vezana vsebina sre\u010danj razvojnih timov in izvedba izbolj\u0161ave v vrtcu. Program izvaja [&hellip;]<\/p>\n","protected":false},"author":2,"featured_media":0,"parent":0,"menu_order":0,"comment_status":"closed","ping_status":"closed","template":"","meta":{"footnotes":""},"class_list":["post-5360","page","type-page","status-publish","hentry"],"_links":{"self":[{"href":"https:\/\/vrtec-radenci.si\/index.php?rest_route=\/wp\/v2\/pages\/5360","targetHints":{"allow":["GET"]}}],"collection":[{"href":"https:\/\/vrtec-radenci.si\/index.php?rest_route=\/wp\/v2\/pages"}],"about":[{"href":"https:\/\/vrtec-radenci.si\/index.php?rest_route=\/wp\/v2\/types\/page"}],"author":[{"embeddable":true,"href":"https:\/\/vrtec-radenci.si\/index.php?rest_route=\/wp\/v2\/users\/2"}],"replies":[{"embeddable":true,"href":"https:\/\/vrtec-radenci.si\/index.php?rest_route=%2Fwp%2Fv2%2Fcomments&post=5360"}],"version-history":[{"count":14,"href":"https:\/\/vrtec-radenci.si\/index.php?rest_route=\/wp\/v2\/pages\/5360\/revisions"}],"predecessor-version":[{"id":6153,"href":"https:\/\/vrtec-radenci.si\/index.php?rest_route=\/wp\/v2\/pages\/5360\/revisions\/6153"}],"wp:attachment":[{"href":"https:\/\/vrtec-radenci.si\/index.php?rest_route=%2Fwp%2Fv2%2Fmedia&parent=5360"}],"curies":[{"name":"wp","href":"https:\/\/api.w.org\/{rel}","templated":true}]}}